+ 5*t**2 + 113*t + 548. Determine r(-5).
858
Let z(n) = -3*n**2 + 49*n + 495. Calculate z(-7).
5
Let n(b) = -2*b**3 - 90*b**2 + 4*b + 190. Give n(-45).
10
Let j(m) = -2*m**2 - 8*m - 54. What is j(11)?
-384
Let h(q) = -q**3 - 65*q**2 - 236*q + 480. Calculate h(-61).
-8
Let d(a) = 10*a**2 + 4*a - 17. Give d(3).
85
Let b(a) = -a**2 + 40*a - 37. Give b(38).
39
Let c(s) = 2*s**3 + 6*s**2 - 15*s - 67. Determine c(-3).
-22
Let k(f) = 89*f - 7367. Give k(83).
20
Let t(f) = -3*f**3 + 14*f**2 + 4*f - 3. Determine t(6).
-123
Let t(f) = 2*f - 68. Give t(46).
24
Let f(u) = 24*u - 17. Give f(-2).
-65
Let h(z) = 4*z**3 - 55*z**2 - 133*z - 37. Calculate h(16).
139
Let p(g) = 2*g**2 - 35*g + 137. Determine p(14).
39
Let j(h) = -h**2 - 4862*h - 24. What is j(0)?
-24
Let w(j) = -18*j**2 - 10*j + 10. Determine w(1).
-18
Let g(q) = q**3 - 103*q**2 - 2768*q + 2244. What is g(125)?
-6
Let y(v) = -4*v**2 + 7*v - 17. Determine y(5).
-82
Let l(h) = 88*h - 866. Determine l(10).
14
Let x(r) = -2*r**3 + 21*r**2 - 16*r - 239. Calculate x(6).
-11
Let s(k) = k**3 + 5*k**2 - 28*k - 118. What is s(-6)?
14
Let t(w) = -2300*w + 13856. What is t(6)?
56
Let w(i) = -188*i - 7501. Give w(-40).
19
Let b(n) = -n**3 + 13*n**2 - 6*n + 99. What is b(13)?
21
Let a(s) = -s**3 + 67*s**2 + 222*s - 853. Determine a(70).
-13
Let z(l) = 14*l**2 + 77*l + 21. What is z(-5)?
-14
Let i(u) = -92*u**2 - 8280*u - 11. What is i(-90)?
-11
Let h(j) = j**2 + 61*j + 104. Calculate h(-2).
-14
Let w(f) = -55*f - 777. Give w(-14).
-7
Let q(z) = -5*z**3 - 7*z**2 + 38*z - 83. Calculate q(4).
-363
Let h(u) = -u**3 + 5*u**2 - 7*u + 17. Calculate h(4).
5
Let o(u) = u**3 + 157*u**2 + 866*u + 62217. What is o(-154)?
1
Let z(a) = -18*a - 127. What is z(6)?
-235
Let x(q) = -4*q**2 + 198*q + 97. Determine x(50).
-3
Let r(o) = -o**3 + 5*o**2 - 229*o + 1157. Determine r(5).
12
Let i(y) = -1449*y - 10143. Determine i(-7).
0
Let m(y) = y**2 - 95. What is m(0)?
-95
Let z(a) = a**3 + 19*a**2 + 22*a + 31. Give z(-18).
-41
Let y(f) = -1155*f - 56595. Calculate y(-49).
0
Let q(v) = 11*v**3 - 3*v**2 - 2*v + 5. Calculate q(2).
77
Let c(z) = 8*z**3 - 55*z**2 - 7*z - 3. Give c(7).
-3
Let r(d) = -163*d + 6. Give r(1).
-157
Let z(d) = -d**3 + 467*d. Determine z(0).
0
Let y(n) = -2*n**2 + 5262*n + 52822. Give y(-10).
2
Let f(r) = 8*r**2 - 17*r + 16. Determine f(1).
7
Let d(b) = 21*b**2 - 380*b - 62. Determine d(18).
-98
Let i(j) = -j**3 + 92*j**2 + 95*j - 156. Determine i(93).
30
Let z(m) = 2*m**3 - 12*m**2 + 55*m - 74. What is z(2)?
4
Let n(s) = 4*s**2 - 8*s + 56. Calculate n(5).
116
Let q(d) = -d**3 - 6*d**2 + 2115*d - 353. Determine q(43).
-9
Let r(h) = h**3 - 112*h**2 + h - 95. Calculate r(112).
17
Let v(y) = -y**2 + 12*y + 49. Determine v(-6).
-59
Let f(a) = 12*a**2 + 20*a - 111. Give f(-4).
1
Let a(h) = h**3 + 34*h**2 + 19*h + 653. What is a(-34)?
7
Let x(w) = w**2 + 274*w + 16999. What is x(-95)?
-6
Let w(y) = -1540*y - 9255. Calculate w(-6).
-15
Let i(n) = 2*n**2 - 3*n + 14. What is i(-4)?
58
Let n(m) = m**2 + 10*m - 38. Calculate n(4).
18
Let x(b) = -2*b + 42. Calculate x(32).
-22
Let x(d) = -5*d**2 + 626*d - 745. Determine x(124).
-1
Let w(h) = -108*h + 62. Give w(-6).
710
Let z(s) = -s**3 - 42*s**2 + 45*s + 59. Determine z(-43).
-27
Let w(h) = h**3 + 322*h**2 + 2793*h - 7511. Determine w(-313).
1
Let f(i) = -54*i**3 - 5*i**2 - 5*i - 5. Determine f(-2).
417
Let s(i) = -357*i - 933. What is s(-3)?
138
Let x(i) = -389*i + 4287. What is x(11)?
8
Let y(b) = -41*b - 349. Determine y(-10).
61
Let g(b) = 3*b**2 + 28*b - 93. Calculate g(3).
18
Let k(u) = -u**3 - 22*u**2 + 102*u - 44. Determine k(-26).
8
Let h(m) = -2*m**2 + 100*m + 8021. Give h(-43).
23
Let c(q) = -20*q**2 - 3*q - 6. Determine c(-3).
-177
Let i(t) = -t**2 + 69*t + 183. Calculate i(69).
183
Let q(n) = 37*n**2 + 340*n - 335. Calculate q(1).
42
Let p(m) = -m**3 - 32*m**2 + 178*m + 3731. Determine p(-34).
-9
Let z(y) = -100*y + 397. Calculate z(4).
-3
Let c(p) = -2*p**2 + 412*p - 5682. Calculate c(191).
48
Let w(d) = -d**2 + 18*d + 327. Give w(22).
239
Let i(z) = 2*z**3 + 15*z**2 - 231*z - 1284. Determine i(-5).
-4
Let k(g) = -g**3 - 32*g**2 - 79*g + 28. Determine k(-29).
-204
Let m(w) = 3982*w + 4021. Give m(-1).
39
Let i(b) = 153*b - 24345. Give i(159).
-18
Let f(b) = 4*b**3 - 41*b**2 - 307*b + 5. What is f(-5)?
15
Let x(o) = 4*o**2 - 32*o - 19. Determine x(-10).
701
Let r(n) = -n**3 + 11*n**2 + 275*n + 381. Give r(-11).
18
Let f(h) = -42*h**2 - 12*h - 24. Calculate f(-2).
-168
Let m(o) = 3*o**2 - 381*o - 1894. Determine m(132).
86
Let r(g) = -2*g**3 - 4*g**2 + 5*g - 4. Give r(3).
-79
Let g(k) = 10*k**3 + 2*k**2 - 6*k + 2. Give g(-3).
-232
Let l(c) = -24*c**2 + 108*c + 40. Determine l(5).
-20
Let x(z) = -z**3 - 11*z**2 + 898*z + 80. Calculate x(25).
30
Let t(m) = -m**3 + 6*m**2 - 20*m + 48. Determine t(9).
-375
Let v(t) = -26*t**2 - 55*t + 35. What is v(-3)?
-34
Let q(s) = -s**3 + 195*s**2 - 1131*s - 21. Give q(6).
-3
Let f(q) = -25*q**3 - 2*q**2 - 3*q + 3. Calculate f(2).
-211
Let b(v) = -5*v**3 - 36*v**2 + 14*v - 20. Determine b(-9).
583
Let i(u) = -u**2 - 60*u + 1598. Determine i(20).
-2
Let g(n) = 10*n**3 - 2*n**2 + 18*n + 4. Calculate g(3).
310
Let k(o) = -o**2 - 81*o - 984. Determine k(-15).
6
Let q(l) = -2*l**3 - 42*l**2 - 7*l - 141. Determine q(-21).
6
Let k(u) = 28*u + 69. Determine k(8).
293
Let x(l) = 18*l**3 + l**2 + 11*l - 18. Calculate x(2).
152
Let r(y) = -4*y + 387. What is r(74)?
91
Let b(a) = -125*a + 1371. What is b(11)?
-4
Let x(i) = -318*i + 960. What is x(3)?
6
Let v(h) = 5*h**3 + 200*h**2 + h - 52. Determine v(-40).
-92
Let q(d) = -4*d**3 + 27*d**2 - 36*d + 1. Calculate q(5).
-4
Let t(g) = -4*g**2 - 8*g + 37. What is t(-14)?
-635
Let p(g) = -g**2 - 49*g + 6405. Determine p(-108).
33
Let g(n) = 2*n**2 - 4427*n - 26624. Calculate g(-6).
10
Let f(d) = d**3 + 48*d**2 - 50*d - 29. Determine f(-49).
20
Let x(o) = -o**3 + o**2 + 23*o + 6. Determine x(-7).
237
Let q(y) = -2*y**2 - 29*y + 8. Determine q(-17).
-77
Let c(w) = 4*w**2 - 427*w - 1423. Calculate c(110).
7
Let p(o) = -o**2 - 45*o - 230. Calculate p(-39).
4
Let p(x) = x**2 - 7*x - 46. Give p(-5).
14
Let v(m) = -m**2 + 67*m - 1152. Give v(25).
-102
Let d(a) = -a**3 + 12*a**2 - 7*a - 8. What is d(9)?
172
Let f(d) = -d**2 - 696*d + 3512. Determine f(5).
7
Let k(y) = y**3 - 13*y**2 + 42*y - 16. Calculate k(9).
38
Let b(o) = o**3 - 7*o**2 - 31*o + 3. What is b(9)?
-114
Let p(l) = -363*l - 2917. Determine p(-8).
-13
Let s(j) = -2*j**2 + 68*j - 24. Determine s(34).
-24
Let v(o) = -2*o**3 + 11*o**2 - 41. What is v(3)?
4
Let i(a) = -5*a**2 + 256*a - 6. Determine i(51).
45
Let x(v) = -v**3 + 26*v**2 - 100*v - 65. Give x(22).
-329
Let b(l) = -3*l**3 - 6*l**2 - 7*l + 3. Calculate b(-3).
51
Let v(s) = -346*s**2 + 20*s - 2. Calculate v(1).
-328
Let j(p) = p**2 - 70*p - 580. Calculate j(83).
499
Let z(q) = q**3 - 6*q**2 - 54*q + 20. What is z(11)?
31
Let w(q) = -969*q + 5787. Calculate w(6).
-27
Let s(g) = -g**3 + 20*g**2 - 99*g + 52. Calculate s(7).
-4
Let g(v) = 3*v**3 + 31*v**2 - 41*v + 135. Calculate g(-12).
-93
Let y(g) = g**2 - 16*g + 58. What is y(10)?
-2
Let q(w) = -44*w - 2. Determine q(-1).
42
Let m(d) = 3*d**2 + 46*d + 159. Determine m(-7).
-16
Let j(y) = 2*y. Determine j(4).
8
Let l(w) = -9845*w. Calculate l(0).
0
Let j(t) = -t**3 + 11*t**2 - 9*t + 92. Give j(12).
-160
Let a(b) = -1527*b + 3026. What is a(2)?
-28
Let p(d) = d**2 - 33*d - 226. Determine p(37).
-78
Let r(g) = -g**2 + 4*g + 34. Calculate r(-3).
13
Let r(x) = -x**3 + 49*x**2 + 56*x - 523. Determine r(50).
-223
Let s(o) = 3*o**2 - 9*o - 157. Determine s(9).
5
Let x(z) = z**3 + 30*z**2 + 149*z + 10. Calculate x(-6).
-20
Let t(o) = 4*o**3 + 59*o**2 - 11*o - 5. Determine t(-15).
-65
Let t(p) = -35*p**2 + 461*p - 127. Determine t(13).
-49
Let q(f) = 4*f**2 + 190*f - 486. Calculate q(-50).
14
Let c(d) = d**3 - 77*d**2 + 1372*d - 21. What is c(49)?
-21
Let l(v) = -84*v + 15. Give l(1).
-69
Let j(a) = 53041*a + 371283. What is j(-7)?
-4
Let l(g) = -2*g**2 + 123*g + 204. Determine l(64).
-116
Let f(d) = 2*d**3 + 38*d**2 - 8*d - 137. What is f(-19)?
15
Let g(t) = -884*t + 67181. Determine g(76).
-3
Let k(z) = z**2 + 51*z + 683. What is k(-38)?
189
Let q(n) = 2*n + 26. Calculate q(-43).
-60
Let l(x) = -x**3 - 137*x**2 + 561*x - 425. What is 